/(-8)) - -7. Let u be o(c). Suppose 0 = -2*g - u*i + 39 + 16, g - 29 = -2*i. Calculate the greatest common factor of g and 253.
23
Let n(y) = y + 3. Let b(j) = 3*j**2 - 6*j + 184. Let k(t) = b(t) + 4*n(t). Let w be k(0). Suppose 0*v + 3*v = 84. What is the greatest common factor of w and v?
28
Let k(l) = -l**2 + 11*l - 30. Let c be k(10). Let o be 58/5 + (-8)/c. Suppose -22 = -2*r + o. What is the highest common divisor of r and 119?
17
Suppose 144 = 4*h + 8. Suppose -2*n = -64 + h. Suppose n*p + 42 = 16*p. Calculate the highest common factor of 42 and p.
42
Let n(q) be the second derivative of -q**3/6 + 48*q**2 + 46*q. Let l be n(24). Calculate the greatest common factor of l and 54.
18
Let m be 35*(-1)/(6/96). Let f = 826 + m. Calculate the greatest common factor of f and 14.
14
Let l be (-4)/(-6)*(-487890)/(-5460) + 3/7. What is the highest common divisor of 11140 and l?
20
Suppose -4 = -l, 33*k + 4*l = 31*k + 3728. What is the highest common divisor of 128 and k?
64
Suppose 17 + 19 = -2*z. Let b be (-12)/z*(-11)/(33/(-90)). Calculate the greatest common factor of 110 and b.
10
Let z(y) = y**2 + 54*y + 839. Let v be z(-30). Calculate the greatest common factor of v and 2788.
17
Let d be (-28)/(-4) - -3*10/(-5). Calculate the highest common divisor of 319 and d.
1
Suppose 82*s - 327*s = -10816 - 55334. Let w(x) = -9*x**3 - 2*x + 1. Let h be w(1). Let d be (28/h)/((-6)/s). Calculate the greatest common divisor of d and 14.
14
Suppose 0 = 18*r + 9*r - 4482. Suppose -8*j + 106 = -r. Calculate the highest common divisor of j and 119.
17
Suppose 19*i + 11 + 21 - 70 = 0. Calculate the greatest common divisor of i and 1046.
2
Let a(w) = 4*w**2 - w + 3. Let k be a(0). Let t be -4 + (k + -1 - -638). Calculate the greatest common factor of 12 and t.
12
Suppose 12*w = 17*w - 25. Suppose -2*n = -q - 321, -3*n + 93 = -w*q - 392. What is the greatest common divisor of 10 and n?
10
Let h = 296 - 371. Let k = h - -111. Calculate the greatest common divisor of 9 and k.
9
Suppose 2*u - u + 4*s + 4 = 0, -s - 1 = -3*u. Suppose u = p - 8*p. Suppose -2*x + p*y + 102 = 5*y, 0 = 3*y + 6. What is the greatest common factor of x and 42?
14
Let x be 6*(2/4 - 25/(-6)). Let r be ((-96)/(-28))/(8/x). What is the highest common divisor of 56 and r?
4
Let d(z) = -z**2 + 11*z + 23. Let l be d(6). Let v be -4 + (l - ((-12)/2 + 3)). What is the greatest common factor of 91 and v?
13
Let q be 867/9 + 14/21. Let o be ((-10)/4)/1 + (-788)/(-8). Let r = q - o. What is the greatest common factor of r and 5?
1
Let d = -1 - -8. Let l = 23 - d. Let o(i) = -17*i + 79. Let v be o(-1). What is the greatest common divisor of l and v?
16
Let b = 2992 + -2922. Calculate the highest common factor of 410 and b.
10
Let b = 4516 + -3696. Calculate the highest common divisor of b and 20.
20
Let r = 14660 - 14564. Calculate the greatest common factor of r and 5808.
48
Let f(c) = c**2 - 18*c - 119. Let v be f(27). Calculate the greatest common factor of v and 20.
4
Let a(k) = -38*k - 8*k - 120 - 9*k. Let v be a(-3). Calculate the greatest common divisor of 5 and v.
5
Let i(m) = 2*m**2 - 11*m + 4 + 29*m - 3*m - 10*m. Let t be i(-2). What is the greatest common divisor of t and 6?
2
Let c = 8938 + -4050. What is the highest common divisor of c and 260?
52
Let h(m) = -15778*m - 631. Let r be h(-2). Calculate the greatest common factor of 25 and r.
25
Let o = 531 + -529. Let q(a) = 2*a**3 - 4*a**2 + 4*a - 4. Let i be q(o). What is the greatest common divisor of i and 40?
4
Suppose 628 = 2*v - 156. Let j = v - 197. Suppose 5*w + z = 191, 0 = 11*w - 8*w + 9*z - 81. Calculate the highest common divisor of j and w.
39
Suppose 3*f - 6178 = 5*b + 114, b + 5*f + 1236 = 0. Let m = 1978 + b. Calculate the greatest common divisor of 38 and m.
38
Let x(u) = 29*u + 106. Let j be x(-7). Let k = j - -105. Let a = -11 - -31. What is the greatest common factor of k and a?
4
Let k(r) be the second derivative of -449*r**5/20 - r**4/3 - 2*r**3/3 - r**2/2 + 58*r - 2. Let c be k(-1). Calculate the greatest common divisor of 32 and c.
32
Let z(l) = l + 81. Let x be z(-16). Let s = 77 - x. What is the greatest common factor of 18 and s?
6
Suppose 3*n = -2*k + 1927, 8*n - 10*n = -k + 974. What is the greatest common divisor of 352 and k?
88
Suppose 103*u = 4661 + 4712. What is the greatest common factor of 1664 and u?
13
Let u be (1/(-2))/(9/(-144)). Let d be ((-4)/u)/(-2*(-1)/180). Let w = -33 - d. Calculate the highest common factor of 12 and w.
12
Suppose 3*k + 5*m - 34 = 0, 2*m + m = 5*k - 34. Let w = -81214 - -81902. Calculate the highest common divisor of w and k.
8
Let y(d) = 80*d**2 + 49 - 26*d**2 + 13*d - 29*d**2 - 24*d**2. Let n be y(-11). Calculate the highest common divisor of 18 and n.
9
Suppose 3*d + 4 = -11, -5*y - 3*d = 345. Let q = 72 + y. Let x be 6/(-4) - (-15)/q. Calculate the greatest common divisor of x and 3.
1
Suppose 364*b = -3*h + 369*b + 11176, 2*h - 7408 = -2*b. What is the highest common divisor of 87 and h?
29
Let r be ((-298)/4)/(2/(-4)). Let d = 221 - r. Let s(k) = -1697*k + 18. Let l be s(0). What is the highest common divisor of l and d?
18
Suppose 0 = 3*h + l - 0*l + 74, -h - 26 = -l. Let z be (-3)/((-1 + 6)/h). What is the highest common divisor of 795 and z?
15
Let l = 22 - 25. Let p be l + 37 - (-5 - -1). Let t = 46 - p. Calculate the greatest common divisor of 56 and t.
8
Suppose 66*t + 63*t = 153*t - 6144. Calculate the highest common factor of t and 1216.
64
Let r = -49 - -54. Let f be ((-6)/r)/(3/(-765)). Let g(a) = a**2 + 3*a + 6. Let m be g(-7). Calculate the greatest common divisor of m and f.
34
Suppose -31 = -3*x + 2*s, -13*s + 11*s + 73 = 5*x. Let m(n) = n**3 + 13*n**2 + 4*n - 5. Let v be m(-12). Calculate the greatest common factor of x and v.
13
Let j(l) = l**3 + 43*l**2 - 33*l + 487. Let k be j(-44). What is the greatest common factor of 71 and k?
1
Suppose 5*c + l - 8002 = 0, 3437 + 4523 = 5*c - 5*l. Calculate the greatest common divisor of c and 369.
123
Let x = -415 + 460. What is the highest common factor of 18 and x?
9
Suppose 2*q + 4*o - 5236 = 0, 346*q - 343*q = o + 7868. What is the greatest common factor of q and 621?
69
Let k = -2852 - -3092. Let l = 24 + -9. Calculate the greatest common factor of l and k.
15
Let c = -2703 + 5052. Calculate the highest common factor of c and 696.
87
Let c = -213 - -233. Suppose 7*k - 3*q = 2*k + 360, -c = -4*q. Calculate the greatest common factor of 50 and k.
25
Let o be (-13 - 17)*(-12)/10. Let r be ((-6)/5)/(o/(-120)). Suppose 0 = -r*z + 3*i + 65, -9*i = z - 4*i - 22. Calculate the highest common divisor of z and 68.
17
Suppose 0 = 5*y + 10 - 0, i + 408 = -2*y. Let m = i - -418. Calculate the greatest common divisor of m and 2.
2
Let c be (156 + -1)*((-150)/(-25) - (-29)/(-5)). Calculate the greatest common factor of c and 527.
31
Let l be -157*(-4 + 2 + 1). Let x = 185 - l. What is the highest common factor of x and 7?
7
Suppose 290 = -5*w - 5*f + 5525, -3*f = 4*w - 4188. Let m = w + -615. What is the highest common factor of m and 3?
3
Let d = -36 + 198. Let t = 216 - d. What is the greatest common factor of 12 and t?
6
Let r(x) be the third derivative of -11*x**4/24 + 5*x**3/6 + 3*x**2 + 3*x. Let m be r(0). Calculate the highest common factor of m and 235.
5
Suppose o - 32 = 2*n + 3*o, 3*n + 28 = o. Let q be 2/n + (-99)/121. Let a be (q - 21/(-3))/3. Calculate the greatest common divisor of a and 4.
2
Suppose 31*h + 70*h = 1339 + 2499. What is the highest common factor of 8 and h?
2
Let i = 497 - 548. Let w be 2/((i/480)/(-17)). What is the greatest common divisor of w and 10?
10
Suppose 0 = d + 4*k - 244 - 72, -3*d = 3*k - 984. What is the highest common divisor of 1826 and d?
166
Suppose 5*n - 2*g - 82 = 0, 2*n + n - 2*g = 50. Suppose 168 = 12*y + n*y. Calculate the greatest common factor of 2 and y.
2
Suppose -5*f + f + 296 = 0. Suppose -2*w - 135 = 3*g - 6*g, 0 = 2*g + 4*w - f. Let n = 40 - -347. Calculate the highest common factor of g and n.
43
Let u = -278 - -635. What is the highest common divisor of u and 378?
21
Suppose -41*v + 243291 + 216935 = -5698. What is the highest common divisor of v and 12?
12
Suppose -3*a + 1949 = 5*z, -4*a - 1841 - 122 = -5*z. What is the highest common divisor of z and 46?
23
Let 